of 10 and y.
10
Suppose b + 0*o - 26 = o, 5*b = -5*o + 170. What is the greatest common factor of 20 and b?
10
Suppose -3*q + 13 = 10. Suppose 4*d - 16 = 4. What is the highest common factor of q and d?
1
Let i(b) = -b + 8. Let v be i(0). Suppose 2*n = v - 0. Calculate the greatest common divisor of 36 and n.
4
Let z be 456/64 + 2/(-16). What is the highest common factor of 14 and z?
7
Let o(t) = t**2 + 10*t + 1. Let p be o(-10). What is the greatest common divisor of p and 4?
1
Let v = 34 + -17. What is the highest common factor of v and 17?
17
Suppose 2*p + 4*g = 42 + 170, 5*g + 351 = 3*p. What is the greatest common factor of p and 16?
16
Let p = -6 + 40. Suppose -x + 15 = -0*x. Suppose x = -3*i, 3*t - 185 = t + 3*i. Calculate the highest common divisor of p and t.
17
Let u be ((-2)/(-3))/(15/1575). What is the highest common factor of 10 and u?
10
Let z(f) = -f**3 - f**2 + f + 12. Let r be z(0). Let q be ((-8)/6)/((-1)/r). Let d = -28 - -52. Calculate the highest common factor of q and d.
8
Let x(t) = 2*t**3 - 5*t. Let d be x(2). Calculate the greatest common divisor of 9 and d.
3
Suppose 0 = -6*n + 19 - 7. Suppose -16 = -4*c + 2*c. What is the highest common factor of c and n?
2
Suppose 3*c + 2*c = 160. Calculate the greatest common divisor of 80 and c.
16
Let n(t) = -5*t - 1. Let u be n(3). Let f = u + 32. What is the highest common factor of f and 2?
2
Let j be 1/(122/40 - (5 + -2)). What is the highest common factor of 100 and j?
20
Suppose 4 = 4*q - 136. Suppose -2*d - 4*r + q = 3*d, 3*d + 4*r = 21. Let x be 2/(-7) - 247/(-7). Calculate the highest common divisor of d and x.
7
Let g(p) = 2*p - 8. Let l be g(7). Suppose w - l = 4. Let q = 1 + w. What is the greatest common factor of 11 and q?
11
Suppose -173*n + 30 = -168*n. Calculate the highest common factor of n and 42.
6
Suppose 4*o - 4*q - 18 = 70, -5*o - q = -80. Calculate the highest common factor of 1 and o.
1
Suppose -16*r = -21*r + 250. Calculate the greatest common divisor of 60 and r.
10
Let v(h) = -h**3 + 4*h**2 - h. Let n be v(2). What is the highest common divisor of 12 and n?
6
Suppose 2*b = 4*b + 142. Let a = -43 - b. Let s = 137 - 95. Calculate the greatest common factor of a and s.
14
Let h(y) = y**3 - y**2 - 2*y + 1. Let k be h(3). Calculate the highest common factor of 39 and k.
13
Let p be (-65)/(-15) + 4/6. Suppose -5*w + 5 + p = 0. What is the greatest common divisor of 2 and w?
2
Suppose w = 4*o - 180, -5*o + 0*w + 225 = 4*w. What is the greatest common factor of 15 and o?
15
Let v be -4 + (-36)/(-4) - 1*-3. What is the greatest common divisor of 88 and v?
8
Let o = -7 - -10. Suppose -l - 2*q - 205 = -4*l, o*l - 175 = -4*q. What is the greatest common divisor of l and 26?
13
Suppose r = 2*x - 2 + 48, 3*r - 3*x - 153 = 0. What is the highest common factor of 7 and r?
7
Suppose 3*d + 2 = 3*v + 26, 3*d + 3 = 0. Let g(h) = 5*h + 13. Let u be g(v). Let s = u + 59. Calculate the greatest common factor of 3 and s.
3
Let j = 1 - -7. Let w = j + 4. Suppose -2*h - w = -3*h. What is the highest common factor of 12 and h?
12
Let t be (-2 + 4)/(4/(-18)). Let w = t + 24. Let g be (3/4)/(3/120). Calculate the greatest common factor of w and g.
15
Let u = -54 - -89. Let k(h) = -2*h + 6. Let f be k(5). Let q be f/(-22) + 318/66. What is the greatest common divisor of u and q?
5
Let p(m) = -m - 10. Let z be p(0). Let u = 13 + z. Let b be (6/(0 + 2))/1. Calculate the greatest common divisor of u and b.
3
Let w = 178 - 127. What is the highest common factor of w and 34?
17
Let k(c) = 5*c + 3. Let q be k(6). What is the greatest common factor of 3 and q?
3
Let g = -1 + 5. Suppose -x = g*x - 40. Calculate the greatest common divisor of 4 and x.
4
Suppose 5*t - 40 = 5*s, 0 = t + 3*s + 2*s + 4. Suppose 2*u + 2*x = -t, 4*u - 25 - 8 = 5*x. What is the highest common divisor of 2 and u?
2
Let j be 27/3*4/6. Suppose h + 0*h = 66. What is the highest common factor of h and j?
6
Let s be 65/(-26)*8/(-5). What is the greatest common factor of 12 and s?
4
Let a(o) = -3*o**2 - 4*o - 3. Let q be a(-3). Let y be (q/3 - -2)*-10. Suppose 16 = 4*r, k - 6*k + 4*r = -24. What is the greatest common divisor of y and k?
8
Suppose -b - 3*b = -8. Suppose 28 = 4*q - b*c - 0, 3*q = 3*c + 24. Let d(x) = 2*x - 8. Let o be d(q). What is the greatest common divisor of o and 36?
4
Let u = -110 + 114. Calculate the highest common factor of 76 and u.
4
Let v = -132 + 165. Let d(p) = 66*p**3 + p**2 - 1. Let t be d(1). Calculate the highest common divisor of v and t.
33
Suppose -3*a + 218 - 155 = 0. What is the highest common divisor of a and 14?
7
Let n = 1 + 2. Suppose 2 = -y - n. Let l = 10 - y. Calculate the highest common divisor of l and 5.
5
Let b be (3/6)/((-4)/32). Let s be 5 - -29 - (b + 2). What is the greatest common divisor of 12 and s?
12
Let j(d) be the first derivative of d**4/4 - 4*d**3/3 - 5*d**2 + 9*d + 4. Let m be j(6). Calculate the greatest common factor of 7 and m.
7
Suppose 3*z = 6, -q + 3*z - 4*z + 15 = 0. Let p be (-912)/(-10) - (-45)/(-225). What is the greatest common divisor of p and q?
13
Let j be 2/(-5) + 124/10. Calculate the highest common divisor of j and 12.
12
Let y be ((-32)/10)/(2/(-25)). Calculate the highest common divisor of y and 100.
20
Let i(c) = 2*c - 10. Let q be i(7). Let v = q - 1. Let s be 4/6 + 16/v. What is the highest common factor of s and 6?
6
Let c(f) = 3*f**2 + 2*f + 1. Let w be c(-2). Let u be (8/(-6))/((-6)/w). Calculate the highest common divisor of 18 and u.
2
Suppose -2*y + y = -11. Suppose -2*r = -y - 1. Calculate the greatest common factor of 3 and r.
3
Suppose -2*u + 0 = -4. Suppose 2*o - 2 - u = 0. What is the highest common divisor of o and 1?
1
Suppose 0 = -6*h + 29 + 55. Suppose -115 + 3 = -2*j. What is the greatest common factor of j and h?
14
Suppose 3*k = k - z + 133, -207 = -3*k - 3*z. Let p(s) = -17*s**3 - 2*s**2 + 1. Let q be p(-1). Calculate the highest common factor of k and q.
16
Let a = 15 - -2. Let c be 2 - (1 - (-2 + a)). Let l = -10 + 18. Calculate the greatest common divisor of l and c.
8
Let g be 12/(-5)*10/(-3). Let l = 6 - 6. Suppose 4*m + 4 = -2*t, t + 4*t + 3*m - 25 = l. Calculate the greatest common factor of g and t.
8
Let x be (22/(-3))/(4/(-36)). What is the highest common divisor of x and 44?
22
Let q be (-3)/(-6) - (-7)/(-2). Let r be 1*(-2 - q)*2. What is the highest common divisor of r and 2?
2
Let p be (-9)/15 - 2328/(-30). Let y be 1 - (2 + (1 - 9)). Calculate the highest common divisor of p and y.
7
Suppose 4 + 5 = 3*f. Suppose -4*a + 120 = 2*n + 34, n = f*a - 62. Calculate the greatest common divisor of a and 14.
7
Suppose 2 = 4*u - 6. Suppose -u*o = -111 - 9. Let t = -14 + 29. What is the highest common factor of t and o?
15
Suppose i + 4*i - 30 = 0. Let u(j) = j**2 - 6*j + 4. Let v be u(i). Calculate the highest common factor of v and 20.
4
Suppose 3*k + 3 - 48 = 0. What is the greatest common factor of 105 and k?
15
Let m be (-16)/(-88) - 40/(-22). Calculate the greatest common factor of m and 16.
2
Let f = 260 - 152. Let h = 7 - 3. Let w(n) = -n**3 + 7*n**2 - 4*n - 5. Let c be w(h). What is the highest common factor of c and f?
27
Let t(i) = -i**3 + 7*i**2 + 5*i - 10. Let g(x) = -x + 13. Let z be g(6). Let o be t(z). Calculate the greatest common divisor of 10 and o.
5
Suppose 2 = -4*b + 5*b. Suppose -2*n - 3*n = -4*q + 27, -38 = -5*q + b*n. Suppose p + q = 19. What is the greatest common factor of p and 33?
11
Let v = -35 + 50. Suppose 20 = 4*g - 2*q, 8*g = 12*g - 4*q - 16. What is the highest common divisor of v and g?
3
Let a = 54 - 29. Let o(s) = -2*s + 2. Let k be o(-7). Let j = -11 + k. What is the highest common divisor of a and j?
5
Suppose 0 = u + u - 3*t - 13, -5*u - 2*t = -80. Calculate the highest common factor of u and 14.
14
Let u be (9 + -4 - 3) + 18 - -1. Let v = -1 - -1. Suppose 2*j + 2*j - 12 = v. What is the highest common divisor of j and u?
3
Suppose -b + 28 = 2*g - 3*b, 2*g - b = 23. Suppose -4*x = x. Suppose x = -5*w + 104 + 31. Calculate the greatest common factor of g and w.
9
Let p = -30 - -45. Let j = p - 8. Calculate the highest common divisor of 7 and j.
7
Suppose -4 = -w - w. Let q be -2*w*2/(-8). Calculate the highest common factor of q and 1.
1
Suppose 0 = 5*d - 3*j + 124, 3*d 